{"id":56,"date":"2011-03-03T14:20:36","date_gmt":"2011-03-03T12:20:36","guid":{"rendered":"http:\/\/new.urogynekologia.sk\/?page_id=56"},"modified":"2017-01-02T21:32:01","modified_gmt":"2017-01-02T19:32:01","slug":"archiv","status":"publish","type":"page","link":"https:\/\/www.urogynekologia.sk\/?page_id=56","title":{"rendered":"Rok 2010"},"content":{"rendered":"<p>19. 2. 2010&nbsp; III. kongres jednod\u0148ovej chirurgie \u201ePoruchy panvov\u00e9ho dna\u201c, Slia\u010d<br \/>\n<a href=\"http:\/\/www.sgps.sk\/doc\/2010\/III._kongres_jednodnovej_chirurgie.pdf\" target=\"_blank\">http:\/\/www.sgps.sk\/doc\/2010\/III._kongres_jednodnovej_chirurgie.pdf<\/a><\/p>\n<p>23. 4. 2010 Inkontinence a \u017eivotn\u00ed cyklus mu\u017ee a \u017eeny 9. konference Inco Fora. Pal\u00e1c Charitas, Praha, \u010cR<br \/>\n<strong><a href=\"http:\/\/www.incoforum.cz\/\" target=\"_blank\">http:\/\/www.incoforum.cz\/<\/a><\/strong><\/p>\n<p>4 .6 &#8211; 6. 6. 2010 Celost\u00e1tn\u00ed konference \u010cGPS a SSG, Karlovy Vary, \u010cR<br \/>\n<strong><a href=\"http:\/\/www.cgps.cz\/akce\/2010\/ck\/\" target=\"_blank\">http:\/\/www.cgps.cz\/akce\/2010\/ck\/<\/a><\/strong><\/p>\n<p>23. 8 &#8211; 27. 8. 2010, Joint Annual Meeting ICS a IUGA, Toronto, Kanada<br \/>\n<strong><a href=\"http:\/\/www2.kenes.com\/ics2010\/Pages\/Home.aspx?Tn=E\" target=\"_blank\">http:\/\/www2.kenes.com\/ics2010\/Pages\/Home.aspx?Tn=E<\/a><\/strong><\/p>\n<p>30. 9. &#8211; 2. 10. 2010 XVII. kongres SGPS, Martin<strong><br \/>\n<\/strong><a href=\"http:\/\/www.sgps-kongres.sk\/\" target=\"_blank\">http:\/\/www.sgps-kongres.sk\/<\/a><br \/>\n<strong><br \/>\n<\/strong>10. 10 &#8211; 14. 10. 2010: 20th World Congress on Ultrasound in Obstetrics and Gynecology, Praha, \u010cR<br \/>\n<strong><a href=\"http:\/\/www.isuog.org\/WorldCongress\/2010\/\" target=\"_blank\">http:\/\/www.isuog.org\/WorldCongress\/2010\/<\/a><\/strong><\/p>\n<p>25.11. &#8211; 27.11. 2010: Leading Lights in Urogynaecology, EUGA<br \/>\n<a href=\"http:\/\/www.eugaoffice.org\/\" target=\"_blank\">http:\/\/www.eugaoffice.org\/<\/a><\/p>\n<p>27. 11. 2010:&nbsp; IV. ro\u010dn\u00edk \u0161pecializovanej konferencie o inkontinencii, Inkoforum, Hotel Kask\u00e1dy, Slia\u010d<strong><br \/>\n<a href=\"http:\/\/www.inkoforum.sk\/\" target=\"_blank\">http:\/\/www.inkoforum.sk\/<\/a><br \/>\n<\/strong><\/p>\n<p>2. 12. 2010 Praktick\u00e1 urogynekologie, M\u011bln\u00edk<br \/>\n<a href=\"http:\/\/www.urogynekologie.cz\/akce\/melnik-2010\/\" target=\"_blank\">http:\/\/www.urogynekologie.cz\/akce\/melnik-2010\/<\/a><\/p>\n","protected":false},"excerpt":{"rendered":"<p>19. 2. 2010&nbsp; III. kongres jednod\u0148ovej chirurgie \u201ePoruchy panvov\u00e9ho dna\u201c,  [&#8230;]<\/p>\n","protected":false},"author":1,"featured_media":0,"parent":1971,"menu_order":2,"comment_status":"closed","ping_status":"closed","template":"","meta":{"footnotes":""},"class_list":["post-56","page","type-page","status-publish","hentry"],"_links":{"self":[{"href":"https:\/\/www.urogynekologia.sk\/index.php?rest_route=\/wp\/v2\/pages\/56","targetHints":{"allow":["GET"]}}],"collection":[{"href":"https:\/\/www.urogynekologia.sk\/index.php?rest_route=\/wp\/v2\/pages"}],"about":[{"href":"https:\/\/www.urogynekologia.sk\/index.php?rest_route=\/wp\/v2\/types\/page"}],"author":[{"embeddable":true,"href":"https:\/\/www.urogynekologia.sk\/index.php?rest_route=\/wp\/v2\/users\/1"}],"replies":[{"embeddable":true,"href":"https:\/\/www.urogynekologia.sk\/index.php?rest_route=%2Fwp%2Fv2%2Fcomments&post=56"}],"version-history":[{"count":6,"href":"https:\/\/www.urogynekologia.sk\/index.php?rest_route=\/wp\/v2\/pages\/56\/revisions"}],"predecessor-version":[{"id":1970,"href":"https:\/\/www.urogynekologia.sk\/index.php?rest_route=\/wp\/v2\/pages\/56\/revisions\/1970"}],"up":[{"embeddable":true,"href":"https:\/\/www.urogynekologia.sk\/index.php?rest_route=\/wp\/v2\/pages\/1971"}],"wp:attachment":[{"href":"https:\/\/www.urogynekologia.sk\/index.php?rest_route=%2Fwp%2Fv2%2Fmedia&parent=56"}],"curies":[{"name":"wp","href":"https:\/\/api.w.org\/{rel}","templated":true}]}}